{"id":175,"date":"2024-04-19T09:37:56","date_gmt":"2024-04-19T09:37:56","guid":{"rendered":"https:\/\/opgdjeska.hr\/?page_id=175"},"modified":"2026-01-29T17:43:24","modified_gmt":"2026-01-29T17:43:24","slug":"kosarica","status":"publish","type":"page","link":"https:\/\/opgdjeska.hr\/?page_id=175","title":{"rendered":"KO\u0160ARICA"},"content":{"rendered":"<div data-block-name=\"woocommerce\/cart\" class=\"wp-block-woocommerce-cart alignwide is-loading\"><div data-block-name=\"woocommerce\/filled-cart-block\" class=\"wp-block-woocommerce-filled-cart-block\"><div data-block-name=\"woocommerce\/cart-items-block\" class=\"wp-block-woocommerce-cart-items-block\"><div data-block-name=\"woocommerce\/cart-line-items-block\" class=\"wp-block-woocommerce-cart-line-items-block\"><\/div>\n\n<div data-block-name=\"woocommerce\/cart-cross-sells-block\" class=\"wp-block-woocommerce-cart-cross-sells-block\"><h2 class=\"wp-block-heading has-large-font-size\">Moglo bi vas zanimati&#8230;<\/h2>\n\n<div data-block-name=\"woocommerce\/cart-cross-sells-products-block\" class=\"wp-block-woocommerce-cart-cross-sells-products-block\"><\/div><\/div><\/div>\n\n<div data-block-name=\"woocommerce\/cart-totals-block\" class=\"wp-block-woocommerce-cart-totals-block\"><div data-block-name=\"woocommerce\/cart-order-summary-block\" class=\"wp-block-woocommerce-cart-order-summary-block\"><div data-block-name=\"woocommerce\/cart-order-summary-heading-block\" data-content=\"Ukupni iznos ko\u0161arice\" class=\"wp-block-woocommerce-cart-order-summary-heading-block\"><\/div><div data-block-name=\"woocommerce\/cart-order-summary-coupon-form-block\" class=\"wp-block-woocommerce-cart-order-summary-coupon-form-block\"><\/div><div data-block-name=\"woocommerce\/cart-order-summary-totals-block\" class=\"wp-block-woocommerce-cart-order-summary-totals-block\">\n<div data-block-name=\"woocommerce\/cart-order-summary-subtotal-block\" class=\"wp-block-woocommerce-cart-order-summary-subtotal-block\"><\/div>\n<div data-block-name=\"woocommerce\/cart-order-summary-discount-block\" class=\"wp-block-woocommerce-cart-order-summary-discount-block\"><\/div>\n<div data-block-name=\"woocommerce\/cart-order-summary-fee-block\" class=\"wp-block-woocommerce-cart-order-summary-fee-block\"><\/div>\n<div data-block-name=\"woocommerce\/cart-order-summary-shipping-block\" class=\"wp-block-woocommerce-cart-order-summary-shipping-block\"><\/div>\n<div data-block-name=\"woocommerce\/cart-order-summary-taxes-block\" class=\"wp-block-woocommerce-cart-order-summary-taxes-block\"><\/div><\/div><\/div>\n\n<div data-block-name=\"woocommerce\/cart-express-payment-block\" class=\"wp-block-woocommerce-cart-express-payment-block\"><\/div>\n\n<div data-block-name=\"woocommerce\/proceed-to-checkout-block\" class=\"wp-block-woocommerce-proceed-to-checkout-block\"><\/div>\n\n<div data-block-name=\"woocommerce\/cart-accepted-payment-methods-block\" class=\"wp-block-woocommerce-cart-accepted-payment-methods-block\"><\/div><\/div><\/div>\n\n<div data-block-name=\"woocommerce\/empty-cart-block\" class=\"wp-block-woocommerce-empty-cart-block\"><h2 class=\"wp-block-heading has-text-align-center with-empty-cart-icon wc-block-cart__empty-cart__title\">Va\u0161a ko\u0161arica je trenutno prazna!<\/h2>\n\n<p class=\"has-text-align-center\"><a href=\"https:\/\/opgdjeska.hr\/?page_id=9\">Pregledavanje trgovine<\/a>.<\/p>\n\n<hr class=\"wp-block-separator has-alpha-channel-opacity is-style-dots\"\/>\n\n<h2 class=\"wp-block-heading has-text-align-center\">Novo u trgovini<\/h2>\n\n<div data-block-name=\"woocommerce\/product-new\" data-columns=\"4\" data-rows=\"1\" class=\"wc-block-grid wp-block-product-new wp-block-woocommerce-product-new wc-block-product-new has-4-columns\"><ul class=\"wc-block-grid__products\"><li class=\"wc-block-grid__product\">\n\t\t\t\t<a href=\"https:\/\/opgdjeska.hr\/?product=pcelinji-otrov-10ml\" class=\"wc-block-grid__product-link\">\n\t\t\t\t\t\n\t\t\t\t\t<div class=\"wc-block-grid__product-image\"><img loading=\"lazy\" decoding=\"async\" width=\"300\" height=\"300\" src=\"https:\/\/opgdjeska.hr\/wp-content\/uploads\/2024\/05\/5dd9caf5-2a1f-41ea-a34d-f5dce5799706-300x300.png\" class=\"attachment-woocommerce_thumbnail size-woocommerce_thumbnail\" alt=\"P\u010cELINJI OTROV 10ml\" srcset=\"https:\/\/opgdjeska.hr\/wp-content\/uploads\/2024\/05\/5dd9caf5-2a1f-41ea-a34d-f5dce5799706-300x300.png 300w, https:\/\/opgdjeska.hr\/wp-content\/uploads\/2024\/05\/5dd9caf5-2a1f-41ea-a34d-f5dce5799706-150x150.png 150w, https:\/\/opgdjeska.hr\/wp-content\/uploads\/2024\/05\/5dd9caf5-2a1f-41ea-a34d-f5dce5799706-1200x1200.png 1200w, https:\/\/opgdjeska.hr\/wp-content\/uploads\/2024\/05\/5dd9caf5-2a1f-41ea-a34d-f5dce5799706-600x600.png 600w, https:\/\/opgdjeska.hr\/wp-content\/uploads\/2024\/05\/5dd9caf5-2a1f-41ea-a34d-f5dce5799706-100x100.png 100w, https:\/\/opgdjeska.hr\/wp-content\/uploads\/2024\/05\/5dd9caf5-2a1f-41ea-a34d-f5dce5799706-50x50.png 50w\" sizes=\"auto, (max-width: 300px) 100vw, 300px\" \/><\/div>\n\t\t\t\t\t<div class=\"wc-block-grid__product-title\">P\u010cELINJI OTROV 10ml<\/div>\n\t\t\t\t<\/a>\n\t\t\t\t<div class=\"wc-block-grid__product-price price\"><span class=\"woocommerce-Price-amount amount\">7,00&nbsp;<span class=\"woocommerce-Price-currencySymbol\">&euro;<\/span><\/span><\/div>\n\t\t\t\t\n\t\t\t\t<div class=\"wp-block-button wc-block-grid__product-add-to-cart\"><a href=\"https:\/\/opgdjeska.hr\/?product=pcelinji-otrov-10ml\" aria-label=\"Pro\u010ditaj vi\u0161e o &ldquo;P\u010cELINJI OTROV 10ml&rdquo;\" data-quantity=\"1\" data-product_id=\"483\" data-product_sku=\"\" data-price=\"7\" rel=\"nofollow\" class=\"wp-block-button__link wp-element-button add_to_cart_button\">Pro\u010ditaj vi\u0161e<\/a><\/div>\n\t\t\t<\/li><li class=\"wc-block-grid__product\">\n\t\t\t\t<a href=\"https:\/\/opgdjeska.hr\/?product=med-i-orasastim-plodovima-200g\" class=\"wc-block-grid__product-link\">\n\t\t\t\t\t\n\t\t\t\t\t<div class=\"wc-block-grid__product-image\"><img loading=\"lazy\" decoding=\"async\" width=\"300\" height=\"300\" src=\"https:\/\/opgdjeska.hr\/wp-content\/uploads\/2024\/05\/02b571f4-acef-4180-8d15-9b221df8fb1b-300x300.png\" class=\"attachment-woocommerce_thumbnail size-woocommerce_thumbnail\" alt=\"MED SA ORA\u0160ASTIM PLODOVIMA 200g\" srcset=\"https:\/\/opgdjeska.hr\/wp-content\/uploads\/2024\/05\/02b571f4-acef-4180-8d15-9b221df8fb1b-300x300.png 300w, https:\/\/opgdjeska.hr\/wp-content\/uploads\/2024\/05\/02b571f4-acef-4180-8d15-9b221df8fb1b-150x150.png 150w, https:\/\/opgdjeska.hr\/wp-content\/uploads\/2024\/05\/02b571f4-acef-4180-8d15-9b221df8fb1b-1200x1200.png 1200w, https:\/\/opgdjeska.hr\/wp-content\/uploads\/2024\/05\/02b571f4-acef-4180-8d15-9b221df8fb1b-600x600.png 600w, https:\/\/opgdjeska.hr\/wp-content\/uploads\/2024\/05\/02b571f4-acef-4180-8d15-9b221df8fb1b-100x100.png 100w, https:\/\/opgdjeska.hr\/wp-content\/uploads\/2024\/05\/02b571f4-acef-4180-8d15-9b221df8fb1b-50x50.png 50w\" sizes=\"auto, (max-width: 300px) 100vw, 300px\" \/><\/div>\n\t\t\t\t\t<div class=\"wc-block-grid__product-title\">MED SA ORA\u0160ASTIM PLODOVIMA 200g<\/div>\n\t\t\t\t<\/a>\n\t\t\t\t<div class=\"wc-block-grid__product-price price\"><span class=\"woocommerce-Price-amount amount\">6,00&nbsp;<span class=\"woocommerce-Price-currencySymbol\">&euro;<\/span><\/span><\/div>\n\t\t\t\t\n\t\t\t\t<div class=\"wp-block-button wc-block-grid__product-add-to-cart\"><a href=\"?add-to-cart=481\" aria-label=\"Dodaj u ko\u0161aricu: &quot;MED SA ORA\u0160ASTIM PLODOVIMA 200g&quot;\" data-quantity=\"1\" data-product_id=\"481\" data-product_sku=\"\" data-price=\"6\" rel=\"nofollow\" class=\"wp-block-button__link wp-element-button add_to_cart_button ajax_add_to_cart\">Dodaj u ko\u0161aricu<\/a><\/div>\n\t\t\t<\/li><li class=\"wc-block-grid__product\">\n\t\t\t\t<a href=\"https:\/\/opgdjeska.hr\/?product=med-sa-ljesnjacima-200g\" class=\"wc-block-grid__product-link\">\n\t\t\t\t\t\n\t\t\t\t\t<div class=\"wc-block-grid__product-image\"><img loading=\"lazy\" decoding=\"async\" width=\"300\" height=\"300\" src=\"https:\/\/opgdjeska.hr\/wp-content\/uploads\/2024\/05\/e98dbdb5-61fd-44ed-bd95-cfc6a5a8b86a-300x300.png\" class=\"attachment-woocommerce_thumbnail size-woocommerce_thumbnail\" alt=\"MED SA LJE\u0160NJACIMA 200G\" srcset=\"https:\/\/opgdjeska.hr\/wp-content\/uploads\/2024\/05\/e98dbdb5-61fd-44ed-bd95-cfc6a5a8b86a-300x300.png 300w, https:\/\/opgdjeska.hr\/wp-content\/uploads\/2024\/05\/e98dbdb5-61fd-44ed-bd95-cfc6a5a8b86a-150x150.png 150w, https:\/\/opgdjeska.hr\/wp-content\/uploads\/2024\/05\/e98dbdb5-61fd-44ed-bd95-cfc6a5a8b86a-1200x1200.png 1200w, https:\/\/opgdjeska.hr\/wp-content\/uploads\/2024\/05\/e98dbdb5-61fd-44ed-bd95-cfc6a5a8b86a-600x600.png 600w, https:\/\/opgdjeska.hr\/wp-content\/uploads\/2024\/05\/e98dbdb5-61fd-44ed-bd95-cfc6a5a8b86a-100x100.png 100w, https:\/\/opgdjeska.hr\/wp-content\/uploads\/2024\/05\/e98dbdb5-61fd-44ed-bd95-cfc6a5a8b86a-50x50.png 50w\" sizes=\"auto, (max-width: 300px) 100vw, 300px\" \/><\/div>\n\t\t\t\t\t<div class=\"wc-block-grid__product-title\">MED SA LJE\u0160NJACIMA 200G<\/div>\n\t\t\t\t<\/a>\n\t\t\t\t<div class=\"wc-block-grid__product-price price\"><span class=\"woocommerce-Price-amount amount\">3,50&nbsp;<span class=\"woocommerce-Price-currencySymbol\">&euro;<\/span><\/span><\/div>\n\t\t\t\t\n\t\t\t\t<div class=\"wp-block-button wc-block-grid__product-add-to-cart\"><a href=\"?add-to-cart=479\" aria-label=\"Dodaj u ko\u0161aricu: &quot;MED SA LJE\u0160NJACIMA 200G&quot;\" data-quantity=\"1\" data-product_id=\"479\" data-product_sku=\"\" data-price=\"3.5\" rel=\"nofollow\" class=\"wp-block-button__link wp-element-button add_to_cart_button ajax_add_to_cart\">Dodaj u ko\u0161aricu<\/a><\/div>\n\t\t\t<\/li><li class=\"wc-block-grid__product\">\n\t\t\t\t<a href=\"https:\/\/opgdjeska.hr\/?product=med-s-borovim-iglicama-100ml-250ml\" class=\"wc-block-grid__product-link\">\n\t\t\t\t\t\n\t\t\t\t\t<div class=\"wc-block-grid__product-image\"><img loading=\"lazy\" decoding=\"async\" width=\"300\" height=\"300\" src=\"https:\/\/opgdjeska.hr\/wp-content\/uploads\/2024\/05\/1cdaaecb-9775-4020-a2e7-0e073594508a-300x300.png\" class=\"attachment-woocommerce_thumbnail size-woocommerce_thumbnail\" alt=\"MED S BOROVIM IGLICAMA 100ml\/250ml\" srcset=\"https:\/\/opgdjeska.hr\/wp-content\/uploads\/2024\/05\/1cdaaecb-9775-4020-a2e7-0e073594508a-300x300.png 300w, https:\/\/opgdjeska.hr\/wp-content\/uploads\/2024\/05\/1cdaaecb-9775-4020-a2e7-0e073594508a-150x150.png 150w, https:\/\/opgdjeska.hr\/wp-content\/uploads\/2024\/05\/1cdaaecb-9775-4020-a2e7-0e073594508a-1200x1200.png 1200w, https:\/\/opgdjeska.hr\/wp-content\/uploads\/2024\/05\/1cdaaecb-9775-4020-a2e7-0e073594508a-600x600.png 600w, https:\/\/opgdjeska.hr\/wp-content\/uploads\/2024\/05\/1cdaaecb-9775-4020-a2e7-0e073594508a-100x100.png 100w, https:\/\/opgdjeska.hr\/wp-content\/uploads\/2024\/05\/1cdaaecb-9775-4020-a2e7-0e073594508a-50x50.png 50w\" sizes=\"auto, (max-width: 300px) 100vw, 300px\" \/><\/div>\n\t\t\t\t\t<div class=\"wc-block-grid__product-title\">MED S BOROVIM IGLICAMA 100ml\/250ml<\/div>\n\t\t\t\t<\/a>\n\t\t\t\t<div class=\"wc-block-grid__product-price price\"><span class=\"woocommerce-Price-amount amount\">4,00&nbsp;<span class=\"woocommerce-Price-currencySymbol\">&euro;<\/span><\/span> &ndash; <span class=\"woocommerce-Price-amount amount\">8,00&nbsp;<span class=\"woocommerce-Price-currencySymbol\">&euro;<\/span><\/span><\/div>\n\t\t\t\t\n\t\t\t\t<div class=\"wp-block-button wc-block-grid__product-add-to-cart\"><a href=\"https:\/\/opgdjeska.hr\/?product=med-s-borovim-iglicama-100ml-250ml\" aria-label=\"Odaberi opcije za &ldquo;MED S BOROVIM IGLICAMA 100ml\/250ml&rdquo;\" data-quantity=\"1\" data-product_id=\"473\" data-product_sku=\"\" data-price=\"4\" rel=\"nofollow\" class=\"wp-block-button__link wp-element-button add_to_cart_button\">Odaberi opcije<\/a><\/div>\n\t\t\t<\/li><\/ul><\/div><\/div><\/div>","protected":false},"excerpt":{"rendered":"","protected":false},"author":1,"featured_media":0,"parent":0,"menu_order":0,"comment_status":"closed","ping_status":"closed","template":"","meta":{"_regular_price":[],"currency_symbol":[],"ub_ctt_via":"","footnotes":""},"class_list":["post-175","page","type-page","status-publish","hentry"],"post_slider_layout_featured_media_urls":{"thumbnail":"","post_slider_layout_landscape_large":"","post_slider_layout_portrait_large":"","post_slider_layout_square_large":"","post_slider_layout_landscape":"","post_slider_layout_portrait":"","post_slider_layout_square":"","full":""},"featured_image_src":null,"yoast_head":"<!-- This site is optimized with the Yoast SEO plugin v24.7 - https:\/\/yoast.com\/wordpress\/plugins\/seo\/ -->\n<title>KO\u0160ARICA | opgdjeska<\/title>\n<meta name=\"description\" content=\"stranice ko\u0161arice OPG Dje\u0161ka\" \/>\n<meta name=\"robots\" content=\"index, follow, max-snippet:-1, max-image-preview:large, max-video-preview:-1\" \/>\n<link rel=\"canonical\" href=\"https:\/\/opgdjeska.hr\/?page_id=175\" \/>\n<meta property=\"og:locale\" content=\"hr_HR\" \/>\n<meta property=\"og:type\" content=\"article\" \/>\n<meta property=\"og:title\" content=\"KO\u0160ARICA | opgdjeska\" \/>\n<meta property=\"og:description\" content=\"stranice ko\u0161arice OPG Dje\u0161ka\" \/>\n<meta property=\"og:url\" content=\"https:\/\/opgdjeska.hr\/?page_id=175\" \/>\n<meta property=\"og:site_name\" content=\"opgdjeska\" \/>\n<meta property=\"article:modified_time\" content=\"2026-01-29T17:43:24+00:00\" \/>\n<meta name=\"twitter:card\" content=\"summary_large_image\" \/>\n<meta name=\"twitter:label1\" content=\"Procijenjeno vrijeme \u010ditanja\" \/>\n\t<meta name=\"twitter:data1\" content=\"1 minuta\" \/>\n<script type=\"application\/ld+json\" class=\"yoast-schema-graph\">{\"@context\":\"https:\/\/schema.org\",\"@graph\":[{\"@type\":\"WebPage\",\"@id\":\"https:\/\/opgdjeska.hr\/?page_id=175\",\"url\":\"https:\/\/opgdjeska.hr\/?page_id=175\",\"name\":\"KO\u0160ARICA | opgdjeska\",\"isPartOf\":{\"@id\":\"https:\/\/opgdjeska.hr\/#website\"},\"datePublished\":\"2024-04-19T09:37:56+00:00\",\"dateModified\":\"2026-01-29T17:43:24+00:00\",\"description\":\"stranice ko\u0161arice OPG Dje\u0161ka\",\"breadcrumb\":{\"@id\":\"https:\/\/opgdjeska.hr\/?page_id=175#breadcrumb\"},\"inLanguage\":\"hr\",\"potentialAction\":[{\"@type\":\"ReadAction\",\"target\":[\"https:\/\/opgdjeska.hr\/?page_id=175\"]}]},{\"@type\":\"BreadcrumbList\",\"@id\":\"https:\/\/opgdjeska.hr\/?page_id=175#breadcrumb\",\"itemListElement\":[{\"@type\":\"ListItem\",\"position\":1,\"name\":\"Po\u010detna stranica\",\"item\":\"https:\/\/opgdjeska.hr\/\"},{\"@type\":\"ListItem\",\"position\":2,\"name\":\"KO\u0160ARICA\"}]},{\"@type\":\"WebSite\",\"@id\":\"https:\/\/opgdjeska.hr\/#website\",\"url\":\"https:\/\/opgdjeska.hr\/\",\"name\":\"opg Dje\u0161ka\",\"description\":\"Ukus prirode, \u010distih livada - na\u0161 med, tvoj izbor!\",\"publisher\":{\"@id\":\"https:\/\/opgdjeska.hr\/#organization\"},\"alternateName\":\"opg Dje\u0161ka\",\"potentialAction\":[{\"@type\":\"SearchAction\",\"target\":{\"@type\":\"EntryPoint\",\"urlTemplate\":\"https:\/\/opgdjeska.hr\/?s={search_term_string}\"},\"query-input\":{\"@type\":\"PropertyValueSpecification\",\"valueRequired\":true,\"valueName\":\"search_term_string\"}}],\"inLanguage\":\"hr\"},{\"@type\":\"Organization\",\"@id\":\"https:\/\/opgdjeska.hr\/#organization\",\"name\":\"OPG Dje\u0161ka\",\"alternateName\":\"OPG Djeska\",\"url\":\"https:\/\/opgdjeska.hr\/\",\"logo\":{\"@type\":\"ImageObject\",\"inLanguage\":\"hr\",\"@id\":\"https:\/\/opgdjeska.hr\/#\/schema\/logo\/image\/\",\"url\":\"https:\/\/opgdjeska.hr\/wp-content\/uploads\/2024\/04\/opg-djeska-900-x-300-piks-edited.png\",\"contentUrl\":\"https:\/\/opgdjeska.hr\/wp-content\/uploads\/2024\/04\/opg-djeska-900-x-300-piks-edited.png\",\"width\":400,\"height\":300,\"caption\":\"OPG Dje\u0161ka\"},\"image\":{\"@id\":\"https:\/\/opgdjeska.hr\/#\/schema\/logo\/image\/\"}}]}<\/script>\n<!-- \/ Yoast SEO plugin. -->","yoast_head_json":{"title":"KO\u0160ARICA | opgdjeska","description":"stranice ko\u0161arice OPG Dje\u0161ka","robots":{"index":"index","follow":"follow","max-snippet":"max-snippet:-1","max-image-preview":"max-image-preview:large","max-video-preview":"max-video-preview:-1"},"canonical":"https:\/\/opgdjeska.hr\/?page_id=175","og_locale":"hr_HR","og_type":"article","og_title":"KO\u0160ARICA | opgdjeska","og_description":"stranice ko\u0161arice OPG Dje\u0161ka","og_url":"https:\/\/opgdjeska.hr\/?page_id=175","og_site_name":"opgdjeska","article_modified_time":"2026-01-29T17:43:24+00:00","twitter_card":"summary_large_image","twitter_misc":{"Procijenjeno vrijeme \u010ditanja":"1 minuta"},"schema":{"@context":"https:\/\/schema.org","@graph":[{"@type":"WebPage","@id":"https:\/\/opgdjeska.hr\/?page_id=175","url":"https:\/\/opgdjeska.hr\/?page_id=175","name":"KO\u0160ARICA | opgdjeska","isPartOf":{"@id":"https:\/\/opgdjeska.hr\/#website"},"datePublished":"2024-04-19T09:37:56+00:00","dateModified":"2026-01-29T17:43:24+00:00","description":"stranice ko\u0161arice OPG Dje\u0161ka","breadcrumb":{"@id":"https:\/\/opgdjeska.hr\/?page_id=175#breadcrumb"},"inLanguage":"hr","potentialAction":[{"@type":"ReadAction","target":["https:\/\/opgdjeska.hr\/?page_id=175"]}]},{"@type":"BreadcrumbList","@id":"https:\/\/opgdjeska.hr\/?page_id=175#breadcrumb","itemListElement":[{"@type":"ListItem","position":1,"name":"Po\u010detna stranica","item":"https:\/\/opgdjeska.hr\/"},{"@type":"ListItem","position":2,"name":"KO\u0160ARICA"}]},{"@type":"WebSite","@id":"https:\/\/opgdjeska.hr\/#website","url":"https:\/\/opgdjeska.hr\/","name":"opg Dje\u0161ka","description":"Ukus prirode, \u010distih livada - na\u0161 med, tvoj izbor!","publisher":{"@id":"https:\/\/opgdjeska.hr\/#organization"},"alternateName":"opg Dje\u0161ka","potentialAction":[{"@type":"SearchAction","target":{"@type":"EntryPoint","urlTemplate":"https:\/\/opgdjeska.hr\/?s={search_term_string}"},"query-input":{"@type":"PropertyValueSpecification","valueRequired":true,"valueName":"search_term_string"}}],"inLanguage":"hr"},{"@type":"Organization","@id":"https:\/\/opgdjeska.hr\/#organization","name":"OPG Dje\u0161ka","alternateName":"OPG Djeska","url":"https:\/\/opgdjeska.hr\/","logo":{"@type":"ImageObject","inLanguage":"hr","@id":"https:\/\/opgdjeska.hr\/#\/schema\/logo\/image\/","url":"https:\/\/opgdjeska.hr\/wp-content\/uploads\/2024\/04\/opg-djeska-900-x-300-piks-edited.png","contentUrl":"https:\/\/opgdjeska.hr\/wp-content\/uploads\/2024\/04\/opg-djeska-900-x-300-piks-edited.png","width":400,"height":300,"caption":"OPG Dje\u0161ka"},"image":{"@id":"https:\/\/opgdjeska.hr\/#\/schema\/logo\/image\/"}}]}},"jetpack_sharing_enabled":true,"_links":{"self":[{"href":"https:\/\/opgdjeska.hr\/index.php?rest_route=\/wp\/v2\/pages\/175","targetHints":{"allow":["GET"]}}],"collection":[{"href":"https:\/\/opgdjeska.hr\/index.php?rest_route=\/wp\/v2\/pages"}],"about":[{"href":"https:\/\/opgdjeska.hr\/index.php?rest_route=\/wp\/v2\/types\/page"}],"author":[{"embeddable":true,"href":"https:\/\/opgdjeska.hr\/index.php?rest_route=\/wp\/v2\/users\/1"}],"replies":[{"embeddable":true,"href":"https:\/\/opgdjeska.hr\/index.php?rest_route=%2Fwp%2Fv2%2Fcomments&post=175"}],"version-history":[{"count":4,"href":"https:\/\/opgdjeska.hr\/index.php?rest_route=\/wp\/v2\/pages\/175\/revisions"}],"predecessor-version":[{"id":440,"href":"https:\/\/opgdjeska.hr\/index.php?rest_route=\/wp\/v2\/pages\/175\/revisions\/440"}],"wp:attachment":[{"href":"https:\/\/opgdjeska.hr\/index.php?rest_route=%2Fwp%2Fv2%2Fmedia&parent=175"}],"curies":[{"name":"wp","href":"https:\/\/api.w.org\/{rel}","templated":true}]}}